ΕΚΘΕΣΕΙΣ ΝΟΑΑ ΑΝΑ ΕΤΟΣ ΚΑΙ ΜΗΝΑ


Έκθεση γιά 2013 ΙΟΥΛ
                   Monthly Climatological Summary for Ιουλ 2013

Name: ZEFYROS - PIRAEUS   City: PIRAEUS   State: GREECE
Elevation: 40 m  Lat: N 37° 57' 12"   Lon: E 023° 37' 50"

                  Temperature (°C), Rain (mm), Wind Speed (km/h)

                                      Heat  Cool        Avg
    Mean                              Deg   Deg         Wind                 Dom
Day Temp  High   Time   Low    Time   Days  Days  Rain  Speed High   Time    Dir
----------------------------------------------------------------------------------
 1  25,8  30,5   16:40  22,4   05:00   0,0   7,1   0,0   8,7  32,2   19:03   WSW
 2  26,1  29,7   11:21  22,4   06:00   0,0   7,6   0,0   6,4  24,1   15:48   SSW
 3  26,9  30,7   18:12  23,9   03:30   0,0   8,2   0,0   6,7  24,1   09:28   SSE
 4  27,4  31,1   18:04  23,7   06:30   0,0   8,8   0,0   6,8  30,6   19:50    SE
 5  28,1  31,3   17:00  24,8   04:00   0,0   9,4   0,0   9,0  37,0   12:00     N
 6  28,1  30,8   15:30  25,5   07:00   0,0   9,8   0,0  11,9  48,3   14:00     N
 7  29,1  32,7   17:00  26,2   05:30   0,0  10,8   0,0  11,8  41,8   09:30     N
 8  29,8  33,8   16:00  26,4   06:00   0,0  11,5   0,0  10,8  40,2   16:30   NNW
 9  30,4  33,8   15:30  27,2   06:00   0,0  12,1   0,0  10,1  30,6   13:30   NNW
10  29,4  33,8   16:30  26,0   06:30   0,0  11,1   0,0  10,1  37,0   12:00   NNW
11  29,0  34,1   15:30  26,4   06:00   0,0  10,7   0,0   8,5  30,6   12:00   WNW
12  28,9  32,1   16:30  26,1   05:00   0,0  10,6   0,0   4,5  27,4   17:30    SW
13  29,8  33,7   16:00  26,1   05:30   0,0  11,5   0,0   7,6  29,0   15:00   NNW
14  30,0  33,8   16:00  26,8   04:00   0,0  11,7   0,0   8,3  35,4   16:30     N
15  29,0  32,7   18:00  26,6   03:00   0,0  10,7   0,0   6,2  30,6   08:00    NE
16  29,0  33,2   17:00  26,1   06:30   0,0  10,7   0,0   5,4  27,4   12:00   NNE
17  26,0  28,1   18:30  23,4   09:30   0,0   7,7   0,0  12,7  45,1   16:30     N
18  27,1  30,1   16:30  24,6   06:30   0,0   8,8   0,0  12,4  45,1   13:00     N
19  27,8  31,5   16:30  24,6   06:30   0,0   9,5   0,0  10,4  33,8   09:00     N
20  28,6  32,2   16:30  25,4   05:30   0,0  10,3   0,0  10,6  35,4   11:30     N
21  30,1  34,1   17:00  26,4   01:00   0,0  11,8   0,0  10,3  40,2   12:30     N
22  27,3  29,8   14:30  25,0   23:30   0,0   9,0   0,0  10,8  38,6   10:00     N
23  27,4  30,9   17:00  24,0   06:00   0,0   9,1   0,0  11,6  38,6   15:00     N
24  30,3  35,1   16:00  25,9   03:30   0,0  12,0   0,0  10,0  33,8   11:02     N
25  29,9  34,4   17:30  26,2   05:30   0,0  11,6   0,0   3,4  25,7   14:00   SSW
26  30,7  36,5   14:30  26,6   06:30   0,0  12,4   0,0   3,7  27,4   14:00   SSW
27  31,2  34,7   15:30  28,6   05:30   0,0  12,4   0,0   4,3  35,4   18:30   ENE
28  30,8  34,4   15:30  27,5   06:00   0,0  12,5   0,0   9,0  33,8   17:00   ENE
29  31,6  35,7   16:30  27,3   06:27   0,0  12,6   0,0   9,0  41,8   14:00    NE
30  31,8  35,2   15:30  28,7   05:30   0,0  13,5   0,0   3,7  22,5   14:30    SW
31  32,5  36,6   15:30  28,9   06:30   0,0  14,2   0,0   7,9  37,0   19:00   ENE
----------------------------------------------------------------------------------
    29,0  36,6    31    22,4     1     0,0 329,7   0,0   8,1  48,3     6       N

Max >=  27,0: 31
Max <=  20,0:  0
Min <=  10,0:  0
Min <=   0,0:  0
Max Rain: 0,0 on day 0
Days of Rain: 0 (>= 0,2 mm)  0 (>= 2,0 mm)  0 (>= 20,0 mm)
Heat Base: 18,3  Cool Base: 18,3  Method: Integration