ΕΚΘΕΣΕΙΣ ΝΟΑΑ ΑΝΑ ΕΤΟΣ ΚΑΙ ΜΗΝΑ


Έκθεση γιά 2018 ΙΑΝ
                   Monthly Climatological Summary for Ιαν 2018

Name: ZEFYROS - PIRAEUS   City: PIRAEUS   State: GREECE
Elevation: 40 m  Lat: N 37° 57' 12"   Lon: E 023° 37' 50"

                  Temperature (°C), Rain (mm), Wind Speed (km/h)

                                      Heat  Cool        Avg
    Mean                              Deg   Deg         Wind                 Dom
Day Temp  High   Time   Low    Time   Days  Days  Rain  Speed High   Time    Dir
----------------------------------------------------------------------------------
 1  11,9  16,6   15:10   7,1   06:39   6,4   0,0   0,0   4,3  30,6   15:52     W
 2  14,7  16,9   14:47  11,8   23:41   3,6   0,0   1,0   7,0  33,8   11:47   WNW
 3  12,1  14,5   14:35  10,2   23:21   6,2   0,0   0,0   4,9  30,6   14:18   NNW
 4  10,3  12,6   05:02   7,6   13:10   8,0   0,0  12,0   9,1  45,1   14:49   NNW
 5  11,3  15,5   16:14   8,1   06:56   7,0   0,0   0,0   4,0  40,2   00:31   NNW
 6  11,8  15,8   14:01   8,1   05:10   6,5   0,0   0,0   1,2  12,9   12:14    SE
 7  13,9  17,2   12:57  10,8   00:08   4,4   0,0   0,0   0,9  14,5   17:40    SE
 8  15,1  16,4   11:58  14,2   00:08   3,2   0,0   0,0   1,3  12,9   11:28   SSE
 9  14,2  16,4   14:31  12,4   06:44   4,1   0,0   0,0   1,7  19,3   20:58     W
10  13,2  15,2   13:43  12,1   06:43   5,1   0,0   0,0   3,1  20,9   21:15    NE
11  13,0  15,6   13:10  11,2   06:58   5,3   0,0   2,4   2,4  17,7   01:05   NNW
12  13,4  16,6   15:28  11,1   07:43   4,9   0,0   7,8   3,5  22,5   22:20     E
13  11,4  14,4   13:38   9,6   02:42   6,9   0,0  33,0   6,2  29,0   23:21    NE
14   9,0  11,4   00:00   7,6   22:15   9,3   0,0   0,2  11,6  43,5   09:17    NE
15  10,3  12,5   19:26   7,7   00:00   8,0   0,0   0,0   3,5  25,7   01:56     E
16  12,8  16,1   15:21   9,9   04:51   5,5   0,0   0,0   2,9  24,1   18:09     W
17  14,1  17,2   16:10  11,0   07:49   4,2   0,0   0,0   3,6  35,4   18:41    SW
18  11,1  16,5   00:00   7,2   08:16   7,2   0,0   1,0  19,9  72,4   05:58    NW
19  11,7  15,5   15:47   8,0   02:07   6,6   0,0   0,0   5,7  37,0   11:55     W
20  14,1  16,4   13:34  11,6   00:00   4,2   0,0   0,0   5,5  32,2   19:14     S
21  14,4  16,2   14:44  12,0   23:59   3,9   0,0   0,0   5,8  29,0   12:50   SSE
22  10,6  12,2   03:35   8,9   08:18   7,7   0,0   2,4  14,1  64,4   12:07   NNW
23   8,6  10,6   12:53   6,8   06:40   9,7   0,0   0,0   8,3  35,4   02:51     N
24   7,0   8,4   11:52   5,6   23:40  11,3   0,0   0,2  14,2  54,7   12:15    NE
25   6,6   8,9   14:04   5,3   00:41  11,7   0,0   0,0   8,6  38,6   13:33     N
26   7,6  10,8   14:25   5,4   00:41  10,6   0,0   0,0   8,3  35,4   14:55   NNW
27   8,6  11,6   15:23   5,9   01:01   9,7   0,0   0,0   6,1  33,8   14:16   NNW
28  10,5  15,7   14:49   6,6   02:57   7,8   0,0   0,0   2,8  20,9   15:03     N
29  11,0  15,9   14:48   6,8   07:40   7,3   0,0   0,0   1,5  12,9   13:01   SSE
30  11,7  16,1   14:57   7,7   06:04   6,6   0,0   0,0   2,9  27,4   16:52     W
31  12,4  16,6   15:08   8,6   05:14   5,9   0,0   0,0   1,2  12,9   15:09   SSW
----------------------------------------------------------------------------------
    11,6  17,2     7     5,3    25   208,8   0,0  60,0   5,7  72,4    18     NNW

Max >=  27,0:  0
Max <=  20,0: 31
Min <=  10,0: 20
Min <=   0,0:  0
Max Rain: 33,0 on day 13
Days of Rain: 9 (>= 0,2 mm)  5 (>= 2,0 mm)  1 (>= 20,0 mm)
Heat Base: 18,3  Cool Base: 18,3  Method: Integration