ΕΚΘΕΣΕΙΣ ΝΟΑΑ ΑΝΑ ΕΤΟΣ ΚΑΙ ΜΗΝΑ


Έκθεση γιά 2011 ΙΟΥΛ
                   Monthly Climatological Summary for Ιουλ 2011

Name: ZEFYROS - PIRAEUS   City: PIRAEUS   State: GREECE
Elevation: 40 m  Lat: N 37° 57' 12"   Lon: E 023° 37' 50"

                  Temperature (°C), Rain (mm), Wind Speed (km/h)

                                      Heat  Cool        Avg
    Mean                              Deg   Deg         Wind                 Dom
Day Temp  High   Time   Low    Time   Days  Days  Rain  Speed High   Time    Dir
----------------------------------------------------------------------------------
 1  26,5  30,0   12:51  23,8   06:05   0,0   8,2   0,0   4,8  20,9   13:06     S
 2  26,2  28,2   14:05  24,1   06:05   0,0   7,9   0,0   4,9  22,0   14:35    SE
 3  26,5  30,8   14:05  23,2   06:35   0,0   8,2   0,0   8,2  35,6   22:20    SW
 4  27,0  31,3   13:16  24,3   06:05   0,0   8,7   0,0   8,5  28,1   16:36   WSW
 5  26,6  30,9   15:16  23,3   06:35   0,0   8,3   0,0   5,3  28,1   15:27     S
 6  28,8  34,5   16:06  25,1   06:35   0,0  10,5   0,0   9,7  43,9   12:48     W
 7  28,5  31,6   18:35  26,5   05:35   0,0  10,2   0,0   7,0  29,5   18:37     S
 8  29,9  34,7   16:10  25,8   06:34   0,0  11,6   0,0  10,0  40,3   12:33    NE
 9  31,0  35,5   15:13  27,2   05:35   0,0  12,7   0,0  10,3  45,4   12:55   NNE
10  31,6  36,0   15:34  27,8   06:05   0,0  13,3   0,0   8,8  29,5   13:34   NNW
11  32,0  35,4   13:33  28,9   06:05   0,0  13,7   0,0  11,0  42,8   12:29     N
12  31,4  35,2   16:02  27,9   05:37   0,0  13,1   0,0  10,7  37,8   14:51     N
13  31,5  34,7   12:50  28,2   07:06   0,0  13,2   0,0  14,2  51,5   15:19    NE
14  31,4  35,4   15:49  28,4   06:36   0,0  13,1   0,0  10,1  36,7   15:24   NNE
15  31,3  35,7   14:36  27,2   05:36   0,0  13,0   0,0   7,5  28,1   13:36   NNE
16  30,9  35,1   18:06  28,6   04:06   0,0  12,6   0,0   5,1  22,0   14:06   SSW
17  30,4  33,8   14:36  27,8   02:06   0,0  12,1   0,0   4,4  17,3   17:06   SSW
18  30,9  34,9   14:06  27,8   06:06   0,0  12,6   0,0   5,8  19,4   10:36    SW
19  31,1  35,8   16:13  27,6   06:33   0,0  12,8   0,0   4,5  22,0   14:10     S
20  31,2  34,9   12:58  28,4   06:24   0,0  12,9   0,0   5,0  50,0   23:47   SSW
21  30,4  34,1   15:42  26,9   06:36   0,0  12,1   0,0  13,3  47,9   00:27     W
22  28,8  32,8   15:07  25,6   05:06   0,0   7,4   0,0   9,6  47,9   23:27    SW
23  28,8  32,9   14:53  26,5   04:36   0,0  10,6   0,0   7,8  43,9   00:17    SW
24  29,0  32,8   17:04  26,2   06:36   0,0  10,9   0,0   5,4  22,0   18:51     S
25  29,1  33,2   15:27  27,0   06:06   0,0  10,8   0,0   9,1  40,3   23:36   WSW
26  28,1  30,8   18:38  24,8   06:38   0,0   9,8   0,0  10,9  39,2   03:08   WSW
27  28,2  31,2   15:08  25,3   06:38   0,0   9,9   0,0   7,8  30,6   01:08    SW
28  29,6  33,4   17:38  25,8   06:38   0,0  11,3   0,0   4,6  17,3   12:38    SW
29  29,9  32,9   15:38  27,3   06:38   0,0  11,6   0,0   5,5  24,5   18:38    SW
30  30,1  34,9   17:08  27,1   06:38   0,0  11,8   0,0   8,6  30,6   18:08    SW
31  28,7  32,4   15:08  25,5   06:38   0,0  10,4   0,0   5,8  19,4   11:08   SSW
----------------------------------------------------------------------------------
    29,5  36,0    10    23,2     3     0,0 345,3   0,0   8,4  51,5    13     WSW

Max >=  27,0: 31
Max <=  20,0:  0
Min <=  10,0:  0
Min <=   0,0:  0
Max Rain: 0,0 on day 0
Days of Rain: 0 (>= 0,2 mm)  0 (>= 2,0 mm)  0 (>= 20,0 mm)
Heat Base: 18,3  Cool Base: 18,3  Method: Integration