ΕΚΘΕΣΕΙΣ ΝΟΑΑ ΑΝΑ ΕΤΟΣ ΚΑΙ ΜΗΝΑ


Έκθεση γιά 2014 ΙΟΥΛ
                   Monthly Climatological Summary for Ιουλ 2014

Name: ZEFYROS - PIRAEUS   City: PIRAEUS   State: GREECE
Elevation: 40 m  Lat: N 37° 57' 12"   Lon: E 023° 37' 50"

                  Temperature (°C), Rain (mm), Wind Speed (km/h)

                                      Heat  Cool        Avg
    Mean                              Deg   Deg         Wind                 Dom
Day Temp  High   Time   Low    Time   Days  Days  Rain  Speed High   Time    Dir
----------------------------------------------------------------------------------
 1  28,9  35,9   14:41  25,1   00:17   0,0  10,6   0,0   5,9  33,8   16:49   SSW
 2  29,0  32,6   16:52  25,3   05:15   0,0  10,6   0,0   8,0  33,8   17:44   ENE
 3  29,3  34,2   15:10  25,6   06:15   0,0  11,0   0,0   5,9  30,6   14:29    NW
 4  26,8  29,5   15:28  24,5   23:58   0,0   8,5   0,0  15,4  54,7   06:30   NNE
 5  26,6  30,5   17:39  22,9   06:25   0,0   8,3   0,0  11,6  35,4   07:40     N
 6  27,4  31,7   17:03  24,6   04:20   0,0   9,1   0,0   5,1  24,1   11:23    SW
 7  28,1  32,6   15:49  24,3   06:15   0,0   9,8   0,0   4,8  22,5   13:01    SW
 8  29,0  32,9   15:40  26,4   03:25   0,0  10,7   0,0   4,4  30,6   17:30   SSW
 9  29,8  34,9   14:19  26,7   04:40   0,0  11,4   0,0   9,0  40,2   20:05     W
10  28,4  32,4   13:40  25,5   06:25   0,0  10,0   0,0   7,8  35,4   02:00     W
11  28,1  31,5   13:00  25,8   23:50   0,0   9,8   0,0   8,2  38,6   22:30     W
12  26,8  30,4   17:40  23,6   06:15   0,0   8,4   0,0  13,5  43,5   00:41   WNW
13  27,1  30,9   14:50  23,9   06:05   0,0   8,7   0,0   6,5  30,6   22:45   WSW
14  27,9  32,8   17:50  24,4   05:50   0,0   9,6   0,0   6,7  27,4   00:36   WSW
15  26,4  30,0   13:15  24,3   23:51   0,0   8,1   0,0   7,3  37,0   14:07   WNW
16  25,2  28,0   12:37  23,1   06:50   0,0   6,8   0,0   8,4  30,6   01:06    NW
17  25,8  29,5   17:30  22,9   04:20   0,0   7,4   0,0   5,5  25,7   08:30   WSW
18  27,0  31,3   15:29  23,4   05:40   0,0   8,7   2,8   3,4  20,9   14:43   SSW
19  26,8  30,2   11:50  24,8   06:22   0,0   8,5   0,0   3,7  27,4   14:30     W
20  28,5  32,6   16:05  24,1   04:30   0,0  10,1   0,0   7,7  33,8   11:25   NNE
21  29,2  33,1   17:22  26,7   06:00   0,0  10,9   0,0   6,4  25,7   05:30   WSW
22  28,3  31,3   13:50  26,2   06:50   0,0   9,9   0,0   4,4  24,1   15:25   SSE
23  27,8  30,6   18:33  24,9   06:35   0,0   9,5   0,0   9,5  37,0   23:33   WSW
24  27,5  30,6   15:43  25,3   06:35   0,0   9,2   0,0   6,6  32,2   00:09    SW
25  28,6  33,4   18:34  25,2   04:30   0,0  10,2   0,0   4,8  20,9   13:18    SW
26  29,7  34,4   17:00  26,6   05:00   0,0  11,1   0,0   5,4  25,7   11:30    NW
27  29,0  32,2   15:30  26,2   06:00   0,0  10,7   0,0   4,0  29,0   17:00     S
28  28,8  31,3   15:30  25,8   06:30   0,0  10,5   0,0   3,7  20,9   16:30     S
29  29,4  33,1   14:30  27,0   06:30   0,0  11,1   0,0   5,2  22,5   11:00    SW
30  29,3  33,4   16:00  26,6   04:30   0,0  11,0   0,0   3,8  22,5   15:00   SSW
31  28,9  30,9   16:30  26,9   05:00   0,0  10,6   0,0   5,3  43,5   23:00     S
----------------------------------------------------------------------------------
    28,0  35,9     1    22,9     5     0,0 300,8   2,8   7,2  54,7     4       W

Max >=  27,0: 31
Max <=  20,0:  0
Min <=  10,0:  0
Min <=   0,0:  0
Max Rain: 2,8 on day 18
Days of Rain: 1 (>= 0,2 mm)  1 (>= 2,0 mm)  0 (>= 20,0 mm)
Heat Base: 18,3  Cool Base: 18,3  Method: Integration