ΕΚΘΕΣΕΙΣ ΝΟΑΑ ΑΝΑ ΕΤΟΣ ΚΑΙ ΜΗΝΑ


Έκθεση γιά 2015 ΜΑΡ
                   Monthly Climatological Summary for Μαρ 2015

Name: ZEFYROS - PIRAEUS   City: PIRAEUS   State: GREECE
Elevation: 40 m  Lat: N 37° 57' 12"   Lon: E 023° 37' 50"

                  Temperature (°C), Rain (mm), Wind Speed (km/h)

                                      Heat  Cool        Avg
    Mean                              Deg   Deg         Wind                 Dom
Day Temp  High   Time   Low    Time   Days  Days  Rain  Speed High   Time    Dir
----------------------------------------------------------------------------------
 1  13,4  16,4   15:59  10,9   07:08   4,8   0,0   0,0   4,0  24,1   11:01   WSW
 2  13,4  17,3   15:31   9,4   06:09   4,9   0,0   0,0   5,2  32,2   15:07     W
 3  16,2  20,2   16:13  13,2   04:01   2,3   0,3   0,0  12,0  43,5   12:12   WNW
 4  14,2  17,5   13:21  11,6   23:21   4,1   0,0   0,0   5,7  25,7   02:17    NE
 5  13,7  15,6   23:59  11,0   03:39   4,6   0,0   0,0   6,6  40,2   22:30    SE
 6  16,1  18,3   13:39  15,0   23:54   2,2   0,0   0,0  11,6  40,2   06:14    SE
 7  11,0  15,1   00:00   8,7   22:12   7,3   0,0   6,6  12,1  49,9   20:12   NNW
 8   9,3  11,4   14:34   7,8   06:16   9,0   0,0   0,0  20,0  53,1   06:55   NNW
 9  10,0  12,1   14:54   8,6   02:57   8,3   0,0   0,0   8,5  29,0   12:32   NNE
10  11,0  15,0   13:32   8,0   06:18   7,3   0,0   0,0   6,7  25,7   03:31   NNW
11  11,9  15,1   15:18   9,7   22:10   6,4   0,0   3,0   6,0  25,7   20:56   ESE
12  11,4  14,6   16:47   9,2   05:50   6,9   0,0   0,0   4,7  27,4   13:31   NNW
13   9,5  10,7   00:00   7,8   20:23   8,8   0,0  28,4  10,8  48,3   23:30   NNE
14  12,0  15,6   16:59   8,5   00:00   6,3   0,0   0,6  10,2  45,1   01:35   NNW
15  12,4  16,6   16:49   8,8   06:41   5,9   0,0   0,0   5,0  33,8   13:16   ENE
16  11,9  14,1   13:24   9,9   01:25   6,4   0,0   0,0   8,3  37,0   17:03   NNE
17  11,7  14,4   15:26   9,6   07:37   6,4   0,0   0,0  10,0  40,2   20:50   NNE
18   9,7  12,1   12:54   7,5   23:13   8,5   0,0   0,0  10,5  38,6   01:59    NE
19   9,9  13,3   16:29   6,4   06:38   8,3   0,0   0,0   4,5  20,9   13:13   SSW
20   9,5  11,3   00:00   7,6   23:59   8,8   0,0   0,0  10,0  45,1   13:27     N
21  10,4  14,7   16:10   6,8   06:10   7,7   0,0   0,0   6,3  25,7   10:55   WNW
22  11,4  15,2   12:32   7,7   06:39   6,9   0,0   1,6   2,4  20,9   13:23   SSE
23  12,9  15,8   14:41  11,1   04:27   5,4   0,0   1,6   5,0  32,2   20:36    NE
24  13,8  17,4   13:15  12,1   04:40   4,5   0,0   0,0   8,9  32,2   11:04    NE
25  12,4  13,8   17:07  10,7   10:34   5,9   0,0   5,6   5,8  20,9   02:24    NE
26  14,6  16,4   13:59  13,7   06:36   3,6   0,0  26,4   5,6  35,4   22:45   ENE
27  15,6  17,6   14:03  14,0   00:00   2,7   0,0   0,6   5,3  27,4   11:55   ESE
28  14,7  17,2   14:37  12,8   02:29   3,5   0,0   1,2   3,4  20,9   23:15   SSE
29  13,9  16,2   14:44  11,6   07:53   4,2   0,0   5,8   5,0  25,7   13:38   NNW
30  14,5  17,5   15:26  11,2   06:09   3,8   0,0   0,0   5,0  35,4   09:59   WSW
31  15,9  20,3   16:40  12,9   05:57   2,6   0,2   0,0   6,4  40,2   12:24   NNW
----------------------------------------------------------------------------------
    12,5  20,3    31     6,4    19   178,3   0,5  81,4   7,5  53,1     8       N

Max >=  27,0:  0
Max <=  20,0: 29
Min <=  10,0: 17
Min <=   0,0:  0
Max Rain: 28,4 on day 13
Days of Rain: 11 (>= 0,2 mm)  6 (>= 2,0 mm)  2 (>= 20,0 mm)
Heat Base: 18,3  Cool Base: 18,3  Method: Integration