ΕΚΘΕΣΕΙΣ ΝΟΑΑ ΑΝΑ ΕΤΟΣ ΚΑΙ ΜΗΝΑ


Έκθεση γιά 2017 ΙΟΥΛ
                   Monthly Climatological Summary for Ιουλ 2017

Name: ZEFYROS - PIRAEUS   City: PIRAEUS   State: GREECE
Elevation: 40 m  Lat: N 37° 57' 12"   Lon: E 023° 37' 50"

                  Temperature (°C), Rain (mm), Wind Speed (km/h)

                                      Heat  Cool        Avg
    Mean                              Deg   Deg         Wind                 Dom
Day Temp  High   Time   Low    Time   Days  Days  Rain  Speed High   Time    Dir
----------------------------------------------------------------------------------
 1  35,5  40,6   17:28  29,9   06:43   0,0  17,2   0,0   2,2  14,5   15:45    SW
 2  36,3  41,8   15:32  32,2   06:15   0,0  18,0   0,0   4,6  27,4   14:27     W
 3  30,9  34,0   16:24  28,3   06:23   0,0  12,6   0,0  11,5  46,7   13:55   WNW
 4  27,2  30,4   15:37  24,8   06:04   0,0   8,9   0,0  15,1  49,9   03:56   NNE
 5  26,6  30,0   15:56  23,4   05:06   0,0   8,3   0,0  11,9  46,7   09:53     N
 6  28,1  31,7   17:21  25,0   05:28   0,0   9,8   0,0  10,8  41,8   13:42     N
 7  29,9  34,6   16:33  25,7   05:08   0,0  11,6   0,0   9,7  37,0   18:47   NNE
 8  28,8  32,3   17:51  25,8   06:10   0,0  10,5   0,0   6,1  27,4   01:35   ENE
 9  30,2  33,9   16:22  26,8   04:47   0,0  11,9   0,0   3,8  20,9   13:21    SW
10  32,3  36,2   16:33  28,8   03:26   0,0  14,0   0,0   8,5  38,6   12:09   ENE
11  31,4  35,6   12:19  28,3   06:48   0,0  13,1   0,0   5,5  24,1   11:15     W
12  30,8  34,7   12:59  27,7   06:06   0,0  12,5   0,0   2,4  20,9   14:55     S
13  31,6  35,7   14:06  28,5   03:04   0,0  13,3   0,0   3,1  16,1   14:52   SSW
14  32,2  35,7   16:34  29,5   23:24   0,0  13,9   0,0  10,5  40,2   18:53   ENE
15  30,1  33,9   16:36  27,2   07:12   0,0  11,8   0,0   8,3  30,6   09:32   ENE
16  27,9  33,4   14:14  25,3   23:53   0,0   9,6   0,0   9,4  41,8   16:33    NE
17  22,9  26,8   14:28  19,8   09:10   0,0   4,6   4,0   7,4  41,8   04:37    NW
18  23,8  27,7   16:16  20,9   05:16   0,0   5,5   0,0  12,5  43,5   17:30     N
19  26,4  30,1   15:21  22,9   04:07   0,0   8,1   0,0  12,1  40,2   12:22     N
20  28,0  31,6   17:03  24,7   04:04   0,0   9,7   0,0  13,0  40,2   14:22     N
21  28,9  32,3   16:22  25,6   05:09   0,0  10,6   0,0  12,5  41,8   14:37     N
22  30,2  34,2   17:47  26,3   03:34   0,0  11,9   0,0  10,9  41,8   08:17     N
23  30,9  34,7   17:48  27,9   03:12   0,0  12,6   0,0   3,7  19,3   05:23    SW
24  31,2  35,4   15:07  27,6   05:46   0,0  12,9   0,0   2,8  20,9   18:19    SW
25  30,5  33,8   18:34  27,6   06:28   0,0  12,2   0,0   3,2  19,3   15:57     S
26  30,0  33,1   12:43  27,6   05:26   0,0  11,7   0,0   6,2  37,0   22:34   WSW
27  27,8  30,0   17:19  26,1   06:14   0,0   9,5   0,0  12,5  48,3   11:10   WNW
28  27,2  32,7   16:07  24,3   06:11   0,0   9,0   0,0   6,3  35,4   17:02    SW
29  28,5  34,1   14:20  24,6   05:47   0,0  10,2   0,0   4,6  30,6   15:28   WNW
30  30,6  34,5   14:43  26,0   05:23   0,0  12,3   0,0   5,6  30,6   11:32    NE
31  29,5  32,3   15:11  26,9   06:32   0,0  11,2   0,0  12,1  46,7   13:16     N
----------------------------------------------------------------------------------
    29,6  41,8     2    19,8    17     0,0 349,0   4,0   8,0  49,9     4       N

Max >=  27,0: 30
Max <=  20,0:  0
Min <=  10,0:  0
Min <=   0,0:  0
Max Rain: 4,0 on day 17
Days of Rain: 1 (>= 0,2 mm)  1 (>= 2,0 mm)  0 (>= 20,0 mm)
Heat Base: 18,3  Cool Base: 18,3  Method: Integration