Έκθεση γιά 2019 ΑΥΓ
Monthly Climatological Summary for Αυγ 2019
Name: ZEFYROS - PIRAEUS City: PIRAEUS State: GREECE
Elevation: 40 m Lat: N 37° 57' 12" Lon: E 023° 37' 50"
Temperature (°C), Rain (mm), Wind Speed (km/h)
Heat Cool Avg
Mean Deg Deg Wind Dom
Day Temp High Time Low Time Days Days Rain Speed High Time Dir
----------------------------------------------------------------------------------
1 32,4 36,7 16:56 27,8 05:24 0,0 14,1 0,0 6,7 33,8 14:02 NNE
2 31,7 35,8 17:45 29,1 20:30 0,0 13,4 0,0 4,3 25,7 19:51 SSW
3 30,7 34,6 14:05 27,9 05:53 0,0 12,4 0,0 5,0 24,1 14:11 SSW
4 30,8 35,2 16:29 27,8 23:19 0,0 12,5 0,0 9,6 40,2 06:41 NNW
5 28,6 32,2 15:30 26,1 06:13 0,0 10,3 0,0 7,6 32,2 10:37 ENE
6 28,3 31,8 15:05 24,3 06:49 0,0 10,0 0,0 7,9 37,0 13:26 NNE
7 29,4 33,9 16:50 25,4 06:19 0,0 11,1 0,0 10,8 40,2 12:53 NNE
8 29,9 35,6 14:43 26,5 04:22 0,0 11,6 0,0 7,8 32,2 11:57 NNW
9 32,0 37,2 14:35 26,5 05:34 0,0 13,7 0,0 6,3 37,0 14:29 N
10 32,6 36,4 15:23 29,0 06:55 0,0 14,3 0,0 14,8 49,9 13:50 N
11 32,5 35,9 14:03 29,5 23:54 0,0 14,2 0,0 11,5 43,5 10:03 NNE
12 30,3 34,1 14:42 27,3 06:51 0,0 12,0 0,0 14,4 46,7 16:04 NNW
13 30,4 34,4 14:47 26,6 06:40 0,0 12,1 0,0 11,6 41,8 16:49 NNW
14 29,7 34,9 13:57 26,3 22:54 0,0 11,4 0,0 8,4 30,6 02:24 NW
15 28,7 33,2 11:37 25,4 05:52 0,0 10,4 0,0 4,9 25,7 17:18 SSW
16 28,9 32,7 15:27 26,8 07:40 0,0 10,6 0,0 4,8 24,1 13:24 SW
17 28,4 32,9 17:16 25,6 06:59 0,0 10,1 0,0 8,1 32,2 10:23 N
18 27,3 30,6 17:04 24,1 06:28 0,0 9,0 0,0 6,9 30,6 18:57 ENE
19 28,1 31,6 16:44 24,6 06:55 0,0 9,8 0,0 8,0 37,0 11:17 NE
20 28,1 31,8 16:26 25,2 05:44 0,0 9,8 0,0 10,6 43,5 15:33 N
21 28,9 33,7 15:01 24,9 05:30 0,0 10,6 0,0 8,5 33,8 13:33 N
22 30,9 35,3 16:39 27,0 07:16 0,0 12,6 0,0 10,4 43,5 15:06 NNE
23 31,7 34,6 15:37 29,6 02:38 0,0 13,4 0,0 14,8 49,9 05:33 NE
24 31,5 35,6 16:59 28,6 06:48 0,0 13,2 0,0 12,0 35,4 12:32 N
25 31,5 36,3 15:43 27,9 07:22 0,0 13,2 0,0 10,9 38,6 15:21 NNW
26 31,4 34,9 13:37 29,1 04:01 0,0 13,1 0,0 13,7 49,9 14:29 NNW
27 31,0 35,3 14:32 27,6 07:03 0,0 12,7 0,0 11,5 33,8 04:39 N
28 29,7 32,8 14:36 27,4 06:43 0,0 11,4 0,0 12,3 38,6 15:36 N
29 29,2 33,1 15:33 26,1 07:01 0,0 10,9 0,0 10,4 33,8 12:19 N
30 28,8 32,1 14:47 25,8 04:13 0,0 10,5 0,0 12,0 48,3 13:12 NNE
31 27,8 30,8 15:36 25,4 06:59 0,0 9,5 0,0 11,7 46,7 13:24 NNE
----------------------------------------------------------------------------------
30,0 37,2 9 24,1 18 0,0 363,9 0,0 9,6 49,9 10 N
Max >= 27,0: 31
Max <= 20,0: 0
Min <= 10,0: 0
Min <= 0,0: 0
Max Rain: 0,0 on day 0
Days of Rain: 0 (>= 0,2 mm) 0 (>= 2,0 mm) 0 (>= 20,0 mm)
Heat Base: 18,3 Cool Base: 18,3 Method: Integration