Έκθεση γιά 2020 ΙΟΥΛ
Monthly Climatological Summary for Ιουλ 2020
Name: ZEFYROS - PIRAEUS City: PIRAEUS State: GREECE
Elevation: 40 m Lat: N 37° 57' 12" Lon: E 023° 37' 50"
Temperature (°C), Rain (mm), Wind Speed (km/h)
Heat Cool Avg
Mean Deg Deg Wind Dom
Day Temp High Time Low Time Days Days Rain Speed High Time Dir
----------------------------------------------------------------------------------
1 31,8 37,0 13:39 27,2 05:49 0,0 13,5 0,0 4,6 33,8 12:10 E
2 31,9 36,7 16:05 27,8 05:32 0,0 13,6 0,0 6,1 27,4 08:24 NNE
3 30,4 34,9 12:05 27,6 05:07 0,0 12,1 0,0 5,7 22,5 11:04 WSW
4 29,8 34,1 15:48 26,7 02:37 0,0 11,5 0,0 4,1 22,5 17:14 SW
5 29,7 34,8 15:21 26,7 21:41 0,0 11,4 0,0 8,5 41,8 18:58 N
6 27,9 31,8 16:27 24,5 06:24 0,0 9,6 0,0 14,4 41,8 05:24 NNW
7 27,5 30,1 18:51 25,6 03:12 0,0 9,2 1,0 5,8 29,0 10:33 WNW
8 28,4 32,6 15:40 25,7 06:34 0,0 10,1 0,0 9,5 37,0 19:09 NNE
9 27,2 30,7 14:45 24,2 06:06 0,0 8,9 0,0 11,4 38,6 17:03 NNE
10 27,8 32,0 16:57 24,1 05:42 0,0 9,5 0,0 12,7 37,0 18:27 NNW
11 28,6 32,8 16:56 24,9 06:10 0,0 10,3 0,0 12,3 35,4 14:11 NNW
12 29,8 34,6 16:50 25,2 03:19 0,0 11,5 0,0 9,3 33,8 16:51 N
13 29,1 32,3 17:09 26,2 21:57 0,0 10,8 0,0 11,6 40,2 20:26 NNE
14 26,7 29,8 15:04 23,9 05:05 0,0 8,4 0,0 12,9 46,7 09:51 NE
15 26,3 30,5 18:24 23,3 05:55 0,0 8,0 0,0 5,7 24,1 14:17 S
16 26,1 29,3 17:23 23,3 04:53 0,0 7,8 0,0 4,2 20,9 11:59 S
17 27,2 30,9 16:21 24,4 06:15 0,0 8,9 0,0 6,0 25,7 06:57 S
18 27,9 33,3 16:41 24,5 05:49 0,0 9,6 0,0 4,9 22,5 13:08 SSW
19 27,3 31,1 15:10 24,4 06:07 0,0 9,0 0,0 4,0 24,1 15:11 SSW
20 27,7 31,1 17:23 24,4 06:17 0,0 9,4 0,0 4,5 20,9 13:24 SW
21 29,6 33,9 15:29 25,4 05:43 0,0 11,3 0,0 7,6 33,8 17:51 N
22 29,5 32,9 14:10 26,2 06:43 0,0 11,2 0,0 12,2 40,2 17:42 N
23 30,6 34,7 17:18 27,4 06:23 0,0 12,3 0,0 12,0 38,6 13:43 N
24 30,7 35,2 15:52 26,8 06:31 0,0 12,4 0,0 10,4 37,0 14:54 N
25 30,1 35,4 14:30 26,4 23:25 0,0 11,8 0,0 8,8 30,6 11:33 NW
26 28,5 31,6 12:20 25,9 00:59 0,0 10,2 0,0 3,8 25,7 16:24 S
27 30,3 34,4 13:59 26,4 06:48 0,0 12,0 0,0 5,1 25,7 12:29 NW
28 31,1 34,6 15:47 27,7 06:30 0,0 12,8 0,0 9,2 33,8 17:14 NNE
29 32,0 36,3 16:39 28,2 04:12 0,0 13,7 0,0 13,7 48,3 14:51 NNE
30 33,3 37,3 16:45 29,7 06:31 0,0 15,0 0,0 12,4 48,3 12:24 NNE
31 33,3 39,1 16:34 29,9 05:47 0,0 15,0 0,0 8,3 33,8 09:16 NNW
----------------------------------------------------------------------------------
29,3 39,1 31 23,3 15 0,0 340,8 1,0 8,4 48,3 29 N
Max >= 27,0: 31
Max <= 20,0: 0
Min <= 10,0: 0
Min <= 0,0: 0
Max Rain: 1,0 on day 7
Days of Rain: 1 (>= 0,2 mm) 0 (>= 2,0 mm) 0 (>= 20,0 mm)
Heat Base: 18,3 Cool Base: 18,3 Method: Integration