Έκθεση γιά 2021 ΑΥΓ
Monthly Climatological Summary for Αυγ 2021
Name: ZEFYROS - PIRAEUS City: PIRAEUS State: GREECE
Elevation: 40 m Lat: N 37° 57' 12" Lon: E 023° 37' 50"
Temperature (°C), Rain (mm), Wind Speed (km/h)
Heat Cool Avg
Mean Deg Deg Wind Dom
Day Temp High Time Low Time Days Days Rain Speed High Time Dir
----------------------------------------------------------------------------------
1 33,5 38,6 16:28 29,8 06:21 0,0 15,2 0,0 3,4 17,7 13:49 SW
2 34,0 39,7 15:19 30,1 06:51 0,0 15,7 0,0 2,2 14,5 13:14 S
3 35,6 41,6 15:26 32,0 03:36 0,0 17,3 0,0 3,9 20,9 10:10 WSW
4 34,6 38,7 15:31 31,6 23:17 0,0 16,3 0,0 2,5 14,5 00:02 SSW
5 34,3 38,8 14:13 31,1 04:32 0,0 16,0 0,0 2,3 16,1 13:01 S
6 32,7 36,7 16:45 29,6 23:59 0,0 14,4 0,0 11,0 48,3 14:30 WNW
7 31,1 35,2 16:58 28,7 23:56 0,0 12,8 0,0 9,8 38,6 04:00 NNE
8 29,1 32,9 11:06 26,4 06:36 0,0 10,8 0,0 5,7 22,5 12:03 SW
9 30,0 34,8 14:58 26,6 06:26 0,0 11,7 0,0 3,0 16,1 12:03 SSW
10 31,1 35,8 12:42 27,5 06:34 0,0 12,8 0,0 3,1 17,7 14:19 SSW
11 31,1 35,1 13:39 28,4 05:33 0,0 12,8 0,4 3,1 24,1 18:36 S
12 30,7 35,2 17:02 26,6 02:20 0,0 12,4 0,0 11,4 48,3 02:06 NE
13 31,2 34,9 15:41 27,9 05:29 0,0 12,9 0,0 12,0 43,5 14:48 NE
14 29,2 31,8 16:31 26,8 06:52 0,0 10,9 0,0 13,0 48,3 16:44 NNE
15 29,0 32,9 16:22 25,8 05:48 0,0 10,7 0,0 10,5 35,4 11:37 NNE
16 29,9 35,4 17:19 25,7 06:10 0,0 11,6 0,0 8,1 29,0 04:48 N
17 28,8 33,4 14:51 24,6 06:29 0,0 10,5 0,0 3,6 24,1 16:27 S
18 29,6 33,1 14:16 27,1 03:41 0,0 11,3 0,0 3,5 20,9 18:35 SSW
19 30,1 34,2 13:40 27,2 04:47 0,0 11,8 0,0 6,7 37,0 20:23 ENE
20 29,3 32,5 14:08 26,9 06:38 0,0 11,0 0,0 10,3 35,4 10:18 ENE
21 29,3 33,7 16:14 25,9 06:30 0,0 11,0 0,0 7,7 33,8 18:18 NNE
22 28,7 32,1 15:40 25,9 06:54 0,0 10,4 0,0 12,0 53,1 13:23 N
23 28,9 32,7 16:30 26,2 06:19 0,0 10,6 0,0 10,8 33,8 11:16 N
24 29,2 33,8 16:50 25,6 04:49 0,0 10,9 0,0 10,3 33,8 13:05 NNW
25 28,2 32,1 11:46 24,8 05:19 0,0 9,9 0,0 4,0 25,7 13:59 SSW
26 29,0 32,6 09:37 25,9 06:49 0,0 10,7 0,0 2,8 22,5 13:58 S
27 29,7 32,7 13:32 27,6 00:17 0,0 11,4 0,0 5,0 22,5 06:33 SW
28 28,6 32,5 14:44 26,2 06:20 0,0 10,3 0,0 6,2 29,0 11:08 WSW
29 29,3 34,4 17:02 26,2 06:39 0,0 11,0 0,0 8,1 33,8 18:30 W
30 28,9 32,2 15:08 26,6 04:54 0,0 10,6 0,0 6,2 27,4 00:32 SW
31 28,3 31,1 10:40 25,9 05:39 0,0 10,0 0,0 4,4 22,5 13:13 SW
----------------------------------------------------------------------------------
30,4 41,6 3 24,6 17 0,0 375,7 0,4 6,7 53,1 22 N
Max >= 27,0: 31
Max <= 20,0: 0
Min <= 10,0: 0
Min <= 0,0: 0
Max Rain: 0,4 on day 11
Days of Rain: 1 (>= 0,2 mm) 0 (>= 2,0 mm) 0 (>= 20,0 mm)
Heat Base: 18,3 Cool Base: 18,3 Method: Integration