Έκθεση γιά 2023 ΑΥΓ
Monthly Climatological Summary for Αυγ 2023
Name: ZEFYROS - PIRAEUS City: PIRAEUS State: GREECE
Elevation: 40 m Lat: N 37° 57' 12" Lon: E 023° 37' 50"
Temperature (°C), Rain (mm), Wind Speed (km/h)
Heat Cool Avg
Mean Deg Deg Wind Dom
Day Temp High Time Low Time Days Days Rain Speed High Time Dir
----------------------------------------------------------------------------------
1 30,4 34,8 13:46 27,8 06:39 0,0 12,1 0,0 8,0 29,0 11:21 ESE
2 29,4 33,3 13:57 27,3 04:34 0,0 11,1 0,0 4,5 25,7 16:26 S
3 30,2 35,1 14:46 27,4 06:32 0,0 11,9 0,0 3,3 20,9 15:53 S
4 30,8 34,3 15:33 27,7 06:33 0,0 12,5 0,0 3,0 19,3 16:41 S
5 30,3 34,0 15:39 27,9 06:20 0,0 12,1 0,0 4,5 25,7 21:46 SSE
6 29,4 32,6 16:40 26,8 05:59 0,0 11,1 0,0 13,0 46,7 15:00 WNW
7 28,8 32,8 15:05 25,7 05:00 0,0 10,5 0,0 5,8 30,6 16:20 SSW
8 29,4 34,4 16:25 25,9 06:20 0,0 11,1 0,0 8,7 41,8 18:30 NNE
9 28,2 31,9 15:40 24,8 07:00 0,0 9,9 0,0 11,6 43,5 06:30 NE
10 27,5 32,1 14:50 24,6 06:35 0,0 9,2 0,0 7,6 35,4 17:45 ESE
11 26,7 30,1 14:15 23,3 06:30 0,0 8,4 0,0 9,4 35,4 19:05 NNE
12 27,6 31,0 16:20 24,2 06:50 0,0 9,3 0,0 13,2 48,3 09:50 N
13 27,1 29,6 15:00 25,7 05:30 0,0 8,8 0,0 10,6 33,8 09:15 N
14 28,1 31,9 18:17 25,4 07:05 0,0 9,6 0,0 5,6 30,6 14:50 NNW
15 28,4 32,3 12:58 26,3 02:54 0,0 10,1 0,0 6,7 25,7 08:24 WNW
16 29,3 34,0 13:01 26,1 04:45 0,0 11,0 0,0 3,6 20,9 10:59 SW
17 30,5 34,3 17:07 27,2 02:38 0,0 12,2 0,0 8,8 35,4 13:39 NNW
18 31,7 35,7 16:39 28,1 07:01 0,0 13,4 0,0 10,7 35,4 14:20 NNW
19 31,3 35,2 16:35 28,2 06:46 0,0 13,0 0,0 11,2 38,6 11:50 NNW
20 30,7 34,1 14:04 27,0 06:56 0,0 12,4 0,0 11,2 40,2 14:31 N
21 33,2 36,7 16:57 29,6 04:30 0,0 14,8 0,0 13,5 57,9 15:15 NE
22 33,8 36,2 15:48 30,4 06:11 0,0 15,5 0,0 10,4 53,1 00:06 NE
23 32,5 36,0 12:45 30,1 06:54 0,0 14,2 0,0 8,6 40,2 13:35 NNE
24 32,8 36,4 16:35 29,7 07:26 0,0 14,5 0,0 10,9 38,6 16:50 NNE
25 32,4 36,5 15:07 29,2 05:43 0,0 14,1 0,0 7,2 29,0 11:38 NNE
26 31,2 34,0 14:51 28,4 07:48 0,0 12,9 0,0 9,5 40,2 14:51 NNW
27 31,8 35,1 16:20 29,1 07:55 0,0 13,5 0,0 7,8 32,2 14:04 N
28 29,3 32,3 13:01 27,0 23:31 0,0 11,0 0,0 3,9 22,5 17:04 S
29 28,5 31,2 12:35 25,8 06:29 0,0 10,2 0,0 3,4 24,1 17:08 S
30 28,9 33,3 15:16 25,6 07:05 0,0 10,6 0,0 12,2 45,1 05:07 WNW
31 28,5 32,9 16:49 25,2 07:01 0,0 10,2 0,0 12,9 48,3 02:05 WNW
----------------------------------------------------------------------------------
30,0 36,7 21 23,3 11 0,0 361,2 0,0 8,5 57,9 21 N
Max >= 27,0: 31
Max <= 20,0: 0
Min <= 10,0: 0
Min <= 0,0: 0
Max Rain: 0,0 on day 0
Days of Rain: 0 (>= 0,2 mm) 0 (>= 2,0 mm) 0 (>= 20,0 mm)
Heat Base: 18,3 Cool Base: 18,3 Method: Integration